25?
False
Is 384273834 a multiple of 94?
False
Is 196337799 a multiple of 111?
True
Is 12 a factor of 3206209?
False
Is 41810470 a multiple of 13?
True
Does 22 divide 769247913?
False
Is 14272472 a multiple of 1492?
True
Does 351 divide 686857860?
True
Is 209 a factor of 3689059?
True
Is 1195519708 a multiple of 193?
False
Is 42650675 a multiple of 108?
False
Does 34 divide 20013916?
False
Does 2668 divide 1779280458?
False
Does 2 divide 2932975?
False
Does 249 divide 5283615?
False
Does 2434 divide 655279147?
False
Does 306 divide 44014038?
False
Does 1773 divide 289462856?
False
Is 264173399 a multiple of 886?
False
Is 38 a factor of 24019120?
False
Is 149212172 a multiple of 215?
False
Is 558566244 a multiple of 2203?
True
Is 24111428 a multiple of 682?
True
Does 482 divide 73588868?
True
Is 23 a factor of 1808462814?
True
Is 3487891 a multiple of 720?
False
Does 613 divide 8747157?
False
Is 4 a factor of 16171056?
True
Does 1759 divide 540398169?
False
Is 202 a factor of 18578573?
False
Is 396222748 a multiple of 46?
True
Is 38783706 a multiple of 974?
True
Is 5677210953 a multiple of 19?
False
Is 39 a factor of 58812247?
False
Does 32 divide 70949959?
False
Does 173 divide 14257795?
True
Is 1382550895 a multiple of 5?
True
Does 6 divide 30023976?
True
Is 13 a factor of 35870899?
False
Does 134 divide 19473998?
False
Is 29 a factor of 104103330?
True
Is 172822089 a multiple of 22?
False
Is 181417766 a multiple of 968?
False
Is 3091 a factor of 1130591979?
True
Does 662 divide 334516622?
False
Does 330 divide 2891751060?
True
Is 1157 a factor of 18285424?
False
Does 3 divide 135819790?
False
Is 237 a factor of 1697311761?
True
Is 7194385 a multiple of 55?
True
Does 4 divide 5444438?
False
Is 56 a factor of 145320?
True
Is 34552376 a multiple of 148?
True
Does 37 divide 25523710?
True
Is 11 a factor of 14636375?
False
Is 452 a factor of 12896263?
False
Does 993 divide 521012480?
False
Is 5064 a factor of 945489312?
True
Is 14107120 a multiple of 304?
True
Is 5680669 a multiple of 14?
False
Is 539413747 a multiple of 1336?
False
Is 129630204 a multiple of 484?
True
Is 193 a factor of 1073058191?
True
Does 552 divide 995098998?
False
Does 30 divide 1580200941?
False
Does 46 divide 90815960?
True
Does 43 divide 322000399?
False
Is 41 a factor of 125453686?
True
Does 101 divide 7645551?
False
Does 2 divide 103188067?
False
Does 415 divide 2572390592?
False
Does 28 divide 14704256?
True
Is 10 a factor of 233446568?
False
Is 45 a factor of 162904320?
True
Is 160787721 a multiple of 4?
False
Does 172 divide 1611717744?
True
Is 232 a factor of 35730047?
False
Is 9706261 a multiple of 53?
True
Does 485 divide 5419390?
True
Is 15 a factor of 7840905?
True
Is 2340846862 a multiple of 2973?
False
Is 5712292 a multiple of 31?
False
Is 23 a factor of 7357401?
True
Is 173 a factor of 144755847?
True
Is 22064159 a multiple of 421?
False
Is 4 a factor of 49884760?
True
Does 54 divide 53207618?
False
Is 144976512 a multiple of 16?
True
Does 10 divide 177536057?
False
Does 263 divide 212583163?
True
Is 14 a factor of 297455914?
True
Is 609908556 a multiple of 1089?
False
Does 148 divide 240069320?
True
Is 26203688 a multiple of 28?
True
Is 787 a factor of 990902171?
False
Does 11138 divide 3872604634?
True
Is 13681081 a multiple of 32?
False
Is 172628000 a multiple of 8?
True
Is 14210 a factor of 3987098640?
True
Does 13 divide 2755359?
False
Is 2685378852 a multiple of 163?
False
Is 18 a factor of 13370580?
True
Is 179 a factor of 1507807037?
True
Is 35812033 a multiple of 78?
False
Does 852 divide 19235625?
False
Does 17 divide 791810491?
False
Is 4 a factor of 1754083967?
False
Does 18 divide 54632060?
False
Is 20469472 a multiple of 4?
True
Is 103976668 a multiple of 1591?
False
Does 41 divide 4823350053?
False
Is 4604 a factor of 1590936251?
False
Is 617 a factor of 110450005?
False
Is 15 a factor of 31176067?
False
Is 60 a factor of 4788581160?
True
Is 2244 a factor of 13257438?
False
Is 246 a factor of 65889370?
False
Is 7 a factor of 21791647?
False
Does 1167 divide 81077905?
False
Is 21045982 a multiple of 83?
False
Is 416 a factor of 230168994?
False
Is 111 a factor of 230684695?
False
Is 1378 a factor of 5787759090?
False
Is 84012989 a multiple of 506?
False
Is 408 a factor of 319002589?
False
Is 304 a factor of 1404850576?
True
Is 9 a factor of 7306251?
False
Is 1086100664 a multiple of 3404?
True
Is 642 a factor of 31047081?
False
Does 44 divide 1681304214?
False
Is 72 a factor of 31823640?
True
Is 10 a factor of 572340000?
True
Is 36205920 a multiple of 578?
True
Is 11 a factor of 205835582?
False
Does 48 divide 1078861146?
False
Is 26 a factor of 2963740?
True
Is 863028 even?
True
Is 849 a factor of 12595768?
False
Does 11 divide 2317027922?
True
Is 15 a factor of 364635915?
True
Is 1507 a factor of 143092664?
True
Is 417 a factor of 420854288?
False
Is 43478370 a multiple of 1170?
True
Does 12111 divide 1202590543?
False
Is 11409731 a multiple of 16?
False
Is 15 a factor of 89628720?
True
Is 17919913 a multiple of 42?
False
Is 687 a factor of 2976084?
True
Is 220398945 a multiple of 65?
True
Is 50158162 a multiple of 89?
False
Is 35968793 a multiple of 17?
False
Does 951 divide 15558178?
False
Does 2153 divide 5357298?
False
Is 7 a factor of 36216332?
False
Is 131 a factor of 214163909?
True
Does 1133 divide 103238960?
True
Is 6426 a factor of 351579312?
True
Is 13 a factor of 387856093?
False
Is 784635657 a multiple of 12?
False
Is 3359 a factor of 37550261?
True
Does 1014 divide 24297644?
False
Is 2430 a factor of 162241232?
False
Does 14 divide 7550914?
True
Is 335 a factor of 7743190?
True
Does 264 divide 51857881?
False
Is 251230260 a multiple of 177?
True
Is 142081680 a multiple of 113?
True
Is 40048804 a multiple of 90?
False
Is 1193724480 a multiple of 208?
True
Is 1477 a factor of 171447206?
True
Is 1336070048 a multiple of 142?
True
Is 19 a factor of 2665242670?
True
Is 650 a factor of 82356300?
True
Does 1562 divide 1871718046?
True
Is 25132820 a multiple of 76?
True
Is 2452 a factor of 2314517907?
False
Is 202 a factor of 404643955?
False
Is 43420105 a multiple of 305?
True
Does 10 divide 356010446?
False
Is 134 a factor of 942870096?
True
Is 7 a factor of 27173710?
False
Is 129607898 a multiple of 238?
True
Is 218 a factor of 197507481?
False
Does 12 divide 1246285404?
True
Is 188 a factor of 350439896?
True
Is 412 a factor of 952033829?
False
Is 90 a factor of 1491748560?
True
Is 12 a factor of 1677997752?
True
Is 12 a factor of 567543119?
False
Does 25 divide 74663384?
False
Is 165931162 a multiple of 37?
True
Is 15 a factor of 141855498?
False
Does 85 divide 6737780?
True
Is 22348165 a multiple of 415?
True
Does 110 divide 111305235?
False
Does 13 divide 3040819951?
True
Is 147127996 a multiple of 145?
False
Is 3255583612 a multiple of 141?
False
Does 6 divide 162043987?
False
Is 14 a factor of 26254933?
False
Does 130 divide 262998320?
True
Is 3565227168 a multiple of 4058?
False
Does 55 divide 778454710?
True
Does 8 divide 135504940?
False
Does 649 divide 1053854745?
False
Does 106 divide 377870738?
False
Is 17158070 a multiple of 10?
True
Does 37 divide 177543168?
True
Is 15 a factor of 2746098?
False
Is 298220325 a multiple of 5?
True
Is 19321456 a multiple of 203?
False
Is 37505546 a multiple of 86?
True
Is 57 a factor of 1075551438?
False
Is 9724960 a multiple of 80?
True
Does 2328 divide 1479520824?
True
Does 3184 divide 144333424?
False
Is 5 a factor of 29550275?
True
Is 1856 a factor of 1025529465?
False
Does 1811 divide 247895035?
False
Is 13 a factor of 360429654?
True
Is 57708460 a multiple of 5?
True
Does 45 divide 2082501495?
True
Is 30747375 a multiple of 151?
True
Does 156 divide 29685240?
True
Is 633619430 a multiple of 1747?
True
Is 164 a factor of 108105192?
True
Is 1334637 a multiple of 81?
True
Is 222024448 a multiple of 147?
False
Is 11051350 a multiple of 95?
True
Is 86 a factor of 2460393780?
True
Is 97892092 a multiple of 19?
False
Is 20278876 a multiple of 16?
False
Does 816 divide 46121136?
True
Does 137 divide 742252178?
False
Is 147923 a multiple of 53?
True
Does 14 divide 262716076?
True
Is 32793552 a multiple of 44?
True
Does 8 divide 41448180?
False
Does 7 divide 406184394?
True
Does 785 divi